1061, 14461
List the prime factors of 449778126.
2, 3, 7, 79, 283, 479
What are the prime factors of 17014530?
2, 3, 5, 13, 43627
What are the prime factors of 408535528?
2, 29, 1327
List the prime factors of 46041534.
2, 3, 7, 11, 3691
What are the prime factors of 24128386?
2, 181, 66653
What are the prime factors of 51463988?
2, 12865997
List the prime factors of 35621373.
3, 11873791
List the prime factors of 581389.
281, 2069
What are the prime factors of 23242711?
23242711
List the prime factors of 132369367.
13, 73, 139483
What are the prime factors of 3330188765?
5, 666037753
What are the prime factors of 65150631?
3, 7, 13, 79549
What are the prime factors of 9121575?
3, 5, 121621
List the prime factors of 1258248406.
2, 629124203
What are the prime factors of 215555623?
809, 266447
List the prime factors of 43408832.
2, 41, 71, 233
List the prime factors of 40272368.
2, 53, 47491
List the prime factors of 1034349636.
2, 3, 521, 165443
What are the prime factors of 374023763?
127, 2945069
What are the prime factors of 358051293?
3, 83, 159773
What are the prime factors of 238544569?
23, 769, 13487
What are the prime factors of 188140818?
2, 3, 409, 76667
What are the prime factors of 48599614?
2, 7, 107, 32443
List the prime factors of 102466918.
2, 29, 1201, 1471
What are the prime factors of 128769471?
3, 107, 133717
List the prime factors of 264320949.
3, 617, 142799
What are the prime factors of 1144861433?
1144861433
List the prime factors of 4042630098.
2, 3, 13, 23, 751139
What are the prime factors of 480925914?
2, 3, 7, 2267, 5051
List the prime factors of 1489481721.
3, 7, 13, 79, 23021
List the prime factors of 365266561.
11, 281, 118171
What are the prime factors of 2732290549?
2732290549
What are the prime factors of 1267959124?
2, 316989781
What are the prime factors of 126521281?
137, 923513
What are the prime factors of 368045018?
2, 11, 401, 41719
List the prime factors of 385521108.
2, 3, 7, 199, 23063
List the prime factors of 89416624.
2, 11, 59, 79, 109
What are the prime factors of 204207000?
2, 3, 5, 43, 1583
What are the prime factors of 93370660?
2, 5, 181, 25793
What are the prime factors of 535178377?
17, 19, 1656899
What are the prime factors of 1306571656?
2, 13, 12563189
List the prime factors of 2514405477.
3, 838135159
List the prime factors of 568002883.
7, 81143269
What are the prime factors of 2563237150?
2, 5, 997, 51419
What are the prime factors of 26725361?
13, 569, 3613
What are the prime factors of 14218281?
3, 7, 11, 977
List the prime factors of 337881366.
2, 3, 18771187
What are the prime factors of 3906127644?
2, 3, 347, 938071
List the prime factors of 1823979699.
3, 1373, 147607
What are the prime factors of 3748898358?
2, 3, 208272131
What are the prime factors of 1088474343?
3, 11, 2221, 14851
What are the prime factors of 41462139?
3, 13820713
What are the prime factors of 774842519?
11, 199, 307, 1153
What are the prime factors of 58939435?
5, 11787887
What are the prime factors of 76250472?
2, 3, 241, 13183
What are the prime factors of 85586759?
85586759
What are the prime factors of 1177724119?
11, 13, 43, 191531
What are the prime factors of 30207575?
5, 1208303
List the prime factors of 68313042.
2, 3, 7, 542167
List the prime factors of 3124271913.
3, 7, 148774853
List the prime factors of 109318747.
23, 409, 11621
What are the prime factors of 46598306?
2, 193, 120721
List the prime factors of 46910729.
46910729
What are the prime factors of 501742225?
5, 20069689
What are the prime factors of 2544190145?
5, 7, 72691147
What are the prime factors of 476020278?
2, 3, 2671, 9901
What are the prime factors of 264908718?
2, 3, 1033, 1583
What are the prime factors of 1695815379?
3, 19, 127, 26029
What are the prime factors of 45172896?
2, 3, 470551
List the prime factors of 1222064898.
2, 3, 203677483
What are the prime factors of 520567096?
2, 7, 23, 404167
What are the prime factors of 6946927524?
2, 3, 64323403
What are the prime factors of 32716640?
2, 5, 11, 29, 641
What are the prime factors of 4514763774?
2, 3, 19, 103, 384497
List the prime factors of 27946295.
5, 13, 429943
List the prime factors of 862730274.
2, 3, 7, 20541197
List the prime factors of 1246785453.
3, 19, 523, 1549
List the prime factors of 66659717.
113, 263, 2243
List the prime factors of 232732126.
2, 11, 961703
What are the prime factors of 1421260969?
349, 1627, 2503
List the prime factors of 109911559.
53, 239, 8677
What are the prime factors of 27375716?
2, 1279, 5351
What are the prime factors of 680951528?
2, 173, 492017
What are the prime factors of 5054894?
2, 13, 23, 79, 107
List the prime factors of 2156440757.
2156440757
What are the prime factors of 150201911?
337, 445703
List the prime factors of 109529467.
211, 519097
What are the prime factors of 90582170?
2, 5, 7, 1294031
List the prime factors of 589398795.
3, 5, 863, 5059
List the prime factors of 196733776.
2, 12295861
List the prime factors of 78817344.
2, 3, 410507
List the prime factors of 652902765.
3, 5, 17, 107, 23929
What are the prime factors of 5649554990?
2, 5, 564955499
What are the prime factors of 93709161?
3, 7, 13, 114419
List the prime factors of 704036683.
7, 29, 53, 65437
What are the prime factors of 93290455?
5, 18658091
List the prime factors of 40644706.
2, 20322353
List the prime factors of 6798259300.
2, 5, 7, 9711799
List the prime factors of 1991923895.
5, 13, 479, 63977
What are the prime factors of 1522961238?
2, 3, 23, 373, 29587
What are the prime factors of 135002520?
2, 3, 5, 31, 12097
What are the prime factors of 172817703?
3, 83, 231349
List the prime factors of 2317154952.
2, 3, 7, 307, 44927
What are the prime factors of 3021468179?
19, 47, 3383503
List the prime factors of 994798783.
11, 23, 170957
List the prime factors of 2311420429.
269, 8592641
What are the prime factors of 9611432?
2, 487, 2467
List the prime factors of 902429299.
902429299
List the prime factors of 180824785.
5, 5179, 6983
List the prime factors of 93056031.
3, 83, 347, 359
List the prime factors of 554270135.
5, 1039, 106693
What are the prime factors of 95025646?
2, 47512823
List the prime factors of 3013842.
2, 3, 13, 38639
List the prime factors of 1244079623.
1244079623
What are the prime factors of 633507262?
2, 23, 29, 239, 1987
What are the prime factors of 42815710?
2, 5, 7, 59, 1481
What are the prime factors of 87370466?
2, 43685233
List the prime factors of 890055148.
2, 61, 71, 83, 619
List the prime factors of 42005664.
2, 3, 157, 929
What are the prime factors of 37275896?
2, 7, 331, 2011
List the prime factors of 269755499.
13, 20750423
List the prime factors of 1044992260.
2, 5, 13, 271, 14831
What are the prime factors of 40299992?
2, 139, 36241
What are the prime factors of 540918324?
2, 3, 23, 29, 2503
What are the prime factors of 31171029?
3, 41, 253423
What are the prime factors of 74603789?
13, 23, 59, 4229
What are the prime factors of 379873819?
13, 23, 83, 15307
List the prime factors of 8216136431.
17, 483302143
What are the prime factors of 56692176?
2, 3, 41, 28807
What are the prime factors of 203430138?
2, 3, 199, 347, 491
What are the prime factors of 448674763?
59, 1151, 6607
What are the prime factors of 516231287?
11, 13, 41, 521
List the prime factors of 38118579.
3, 19, 668747
What are the prime factors of 2465388924?
2, 3, 205449077
What are the prime factors of 2612040408?
2, 3, 31, 787, 1487
What are the prime factors of 2363843588?
2, 1777, 332561
What are the prime factors of 559119173?
37, 41, 167, 2207
What are the prime factors of 76231521?
3, 8470169
List the prime factors of 8360229.
3, 2786743
What are the prime factors of 160293024?
2, 3, 556573
List the prime factors of 142634402.
2, 71317201
List the prime factors of 1035223779.
3, 345074593
What are the prime factors of 244471246?
2, 107, 1142389
List the prime factors of 1385926221.
3, 1993, 231799
What are the prime factors of 2850340433?
83, 89, 385859
What are the prime factors of 535214870?
2, 5, 2161, 24767
What are the prime factors of 8241185389?
67, 4349, 28283
List the prime factors of 869078004.
2, 3, 72423167
List the prime factors of 295125637.
5507, 53591
List the prime factors of 76402221.
3, 7, 10607
W